t is 10 - -1bb7?
1bc7
In base 16, what is -15 - -4d0?
4bb
In base 3, what is 211 + -200021120?
-200020202
In base 11, what is 766 - 205?
561
In base 11, what is 33a786 - 5?
33a781
In base 2, what is -1000101011110001100110 - 11?
-1000101011110001101001
In base 4, what is -32212 + 12320?
-13232
In base 13, what is 485b5a + 4?
485b61
In base 12, what is -78823 - 2?
-78825
In base 6, what is -3255 - 1034?
-4333
In base 2, what is -1 + -111111010000111011?
-111111010000111100
In base 14, what is 1390b6 - -5?
1390bb
In base 9, what is -11 - 647012?
-647023
In base 10, what is 1616 - 1574?
42
In base 10, what is -1 - 161700?
-161701
In base 13, what is 77 + ba6?
c50
In base 3, what is -11 + -201212001?
-201212012
In base 8, what is 601742 + 2?
601744
In base 8, what is 11353 + 151?
11524
In base 4, what is -11203 - -3221?
-1322
In base 3, what is 2002002110 + -2?
2002002101
In base 7, what is 211 + -34?
144
In base 4, what is -2011113233 + -3?
-2011113302
In base 13, what is -780c71 - 5?
-780c76
In base 9, what is -5 - -35465?
35460
In base 4, what is -3002 + 1022?
-1320
In base 3, what is 21010210122210 + 2?
21010210122212
In base 11, what is 2 + 10622?
10624
In base 8, what is -400306 - -5?
-400301
In base 10, what is -25 + 1761?
1736
In base 14, what is 7552 + -16?
753a
In base 12, what is 7 - -12a76?
12a81
In base 3, what is 111121 + 202?
112100
In base 15, what is 193c + 163?
1aa0
In base 6, what is -1113503 - -3?
-1113500
In base 11, what is -75935 + -7?
-75941
In base 14, what is 183 - 573?
-3d0
In base 16, what is -978 + -ae?
-a26
In base 5, what is 20224342 + -1?
20224341
In base 13, what is -113 + 7?
-109
In base 5, what is 10222423 - -3?
10222431
In base 5, what is -101 - 1114240?
-1114341
In base 4, what is 13 - -20213231?
20213310
In base 12, what is -387 - 32a?
-6b5
In base 7, what is -4401 + 4455?
54
In base 9, what is -2 + -3416?
-3418
In base 8, what is 1425 + 26?
1453
In base 10, what is 3027 - 39?
2988
In base 8, what is 4 - 53221?
-53215
In base 2, what is 101 - -1000001000011100001000?
1000001000011100001101
In base 3, what is -10 + -220020210?
-220020220
In base 12, what is -83b2 - 10?
-8402
In base 13, what is -1b30c - 1?
-1b310
In base 2, what is -10101010000 - 10?
-10101010010
In base 8, what is -5 - -314631?
314624
In base 10, what is -8 + 7334?
7326
In base 7, what is 344013 - -10?
344023
In base 13, what is -8028 + 4?
-8024
In base 2, what is -1011 - -101101001100?
101101000001
In base 14, what is 3d58 + 1c?
3d76
In base 11, what is -16a7 + -33?
-172a
In base 12, what is 3ab97 + -6?
3ab91
In base 5, what is 3 - -11224424?
11224432
In base 15, what is -1660d8 + -2?
-1660da
In base 4, what is -113 + -12122312?
-12123031
In base 13, what is 34b + 231b?
2669
In base 14, what is 25 - -965?
98a
In base 9, what is -853885 - -4?
-853881
In base 6, what is 14143430 + -2?
14143424
In base 16, what is -118 - -1b5?
9d
In base 11, what is -287137 + -6?
-287142
In base 3, what is -1 + -1001211201?
-1001211202
In base 8, what is -236225 - 3?
-236230
In base 11, what is -33069 + 5?
-33064
In base 2, what is 1001101011000001 - -11010001?
1001101110010010
In base 4, what is -221 + 20000020?
13333133
In base 7, what is -1014636 - 5?
-1014644
In base 6, what is -134 - 114424?
-115002
In base 15, what is -3 - -9489?
9486
In base 4, what is -1031202111 - 11?
-1031202122
In base 14, what is -5 + a910?
a909
In base 14, what is 0 - -1084?
1084
In base 11, what is -2 + 62a2?
62a0
In base 4, what is -122112 - -22?
-122030
In base 8, what is -14542 - 676?
-15440
In base 4, what is 11222100 - -1?
11222101
In base 6, what is -323 - -414244?
413521
In base 4, what is -13 - -210020?
210001
In base 7, what is -6 - -166426?
166420
In base 6, what is -311 - -121031?
120320
In base 7, what is -64162 - 0?
-64162
In base 15, what is 5 - -2466?
246b
In base 16, what is -7226 + -b?
-7231
In base 14, what is 606 - -341?
947
In base 7, what is -312 + -101?
-413
In base 11, what is 639 + -a?
62a
In base 5, what is -12003114 - -1?
-12003113
In base 16, what is -24 + -8bb?
-8df
In base 14, what is -6d + 1162?
10d3
In base 16, what is -b - da4?
-daf
In base 2, what is 1 + -10110010101111010011?
-10110010101111010010
In base 4, what is -3011321 - 11?
-3011332
In base 10, what is -3 + 4681?
4678
In base 6, what is 24 - -21502?
21530
In base 16, what is 0 - 8701?
-8701
In base 14, what is -203d78 + 1?
-203d77
In base 13, what is 6 - -1930a?
19313
In base 3, what is 10 + 110022010?
110022020
In base 12, what is 4 - -344a97?
344a9b
In base 16, what is 1b - -827?
842
In base 9, what is -1152 + -6053?
-7215
In base 8, what is -22 + -36?
-60
In base 11, what is 5 + aa3?
aa8
In base 13, what is 19 + 2705?
2721
In base 8, what is 207125 + 2?
207127
In base 5, what is -4133141 - 22?
-4133213
In base 2, what is 1001100000000010 - -101?
1001100000000111
In base 10, what is -135 + -696?
-831
In base 4, what is -132 + 2032331?
2032133
In base 4, what is -30300 + -110103?
-201003
In base 4, what is 231311 - 11?
231300
In base 14, what is -6 - -2a88?
2a82
In base 12, what is -7677 + 2?
-7675
In base 2, what is -10101101010 - -10010?
-10101011000
In base 9, what is 12 + -60108?
-60086
In base 11, what is 3 - 9825a?
-98257
In base 15, what is -2ac - a11?
-cbd
In base 11, what is 22706a + -1?
227069
In base 2, what is 101001100100 - 100101011?
100100111001
In base 9, what is 4510 + -1363?
3136
In base 6, what is -3 - 1035152?
-1035155
In base 9, what is -4 - 326733?
-326737
In base 9, what is -3724 + -3?
-3727
In base 2, what is 0 + 1100010000001110010?
1100010000001110010
In base 6, what is -241003 - -241?
-240322
In base 14, what is -57 + 46dd?
4686
In base 3, what is -11002 + 11100022?
11012020
In base 14, what is -11c0 - 189?
-1369
In base 3, what is -2012202022011 + 2?
-2012202022002
In base 11, what is 198205 - 2?
198203
In base 2, what is -10100110100 - -1010001?
-10011100011
In base 6, what is -5441 - 114?
-5555
In base 5, what is -2220034220 - 10?
-2220034230
In base 10, what is -747 + -1652?
-2399
In base 5, what is 314313 + -114?
314144
In base 5, what is 1314 + 131003?
132322
In base 3, what is 2102201 + -1?
2102200
In base 10, what is -75 + 1020?
945
In base 9, what is 177440 + -16?
177423
In base 9, what is 5 - 17455?
-17450
In base 5, what is -10321 - -221?
-10100
In base 9, what is -157 + 130?
-27
In base 13, what is -1c - -6c6?
6a7
In base 13, what is c - 7960?
-7951
In base 15, what is b5530 - -1?
b5531
In base 7, what is -14 + -12666?
-13013
In base 3, what is -1211102 + -20112?
-2001221
In base 3, what is -12201 + 221112121?
221022220
In base 13, what is 90 + -505?
-445
In base 15, what is -1 - -32d?
32c
In base 2, what is 100001 + -11101100100?
-11101000011
In base 11, what is 4 + -2087?
-2083
In base 13, what is -169 + -8?
-174
In base 14, what is -1aa - 524?
-6d0
In base 14, what is 3 + -47807?
-47804
In base 15, what is b1a - -aa?
bc5
In base 9, what is -584 - -8?
-575
In base 12, what is -1356603 - -2?
-1356601
In base 3, what is 121212 - 21?
121121
In base 5, what is 140120332 - 4?
140120323
In base 10, what is -64143 + 5?
-64138
In base 9, what is -773678 - 5?
-773684
In base 10, what is 7213 - -146?
7359
In base 6, what is 100312 + 2?
100314
In base 5, what is -323 - 24420?
-30243
In base 12, what is -19 + 23390?
23373
In base 6, what is 14 - 140555?
-140541
In base 10, what is 221 - -31?
252
In base 8, what is 25 + 201005?
201032
In base 12, what is 37b6 - 65?
3751
In base 13, what is 368 - -2487?
2822
In base 13, what is -c3b - -121?
-b1a
In base 12, what is 31a758 - 1?
31a757
In base 16, what is a18 - -1?
a19
In base 14, what is 1551 - 35?
151a
In base 14, what is 2ad02 - 7?
2acd9
In base 13, what is 16a1 + -25?
1679
In base 8, what is -47 + -33156?
-33225
In base 16, what is -4 + -cc1?
-cc5
In base 9, what is 3106 - 17?
3078
In base 9, what is 8 - -452483?
452502
In base 7, what is 22040 - 4?
22033
In base 3, what is 2 - -100120210?
100120212
In base 8, what is 5 - 2340?
-2333
In base 6, what is -1133 + -22431?
-24004
In base 12, what is 2 + -b26?
-b24
In base 13, what is -512 - -13a0?
b8b
In base 16, what is 5 - bd8a9?
-bd8a4
In base 15, what is -2 + -1d275?
-1d277
In base 16, what is 2 + 108?
10a
In base 14, what is -5 - -29684?
2967d
In base 13, w